he remainder when 82790 is divided by 13?
6
Calculate the remainder when 1637 is divided by 20.
17
Calculate the remainder when 911 is divided by 79.
42
Calculate the remainder when 997 is divided by 90.
7
Calculate the remainder when 19138 is divided by 6369.
31
Calculate the remainder when 774 is divided by 33.
15
Calculate the remainder when 34512 is divided by 1713.
252
What is the remainder when 145188 is divided by 1319?
98
Calculate the remainder when 228963 is divided by 26.
7
Calculate the remainder when 168403 is divided by 14.
11
What is the remainder when 68442 is divided by 9772?
38
What is the remainder when 1888421 is divided by 175?
171
What is the remainder when 16781 is divided by 14?
9
Calculate the remainder when 7795 is divided by 219.
130
What is the remainder when 80079 is divided by 7?
6
What is the remainder when 2243 is divided by 404?
223
Calculate the remainder when 8455 is divided by 1762.
1407
Calculate the remainder when 13989 is divided by 6858.
273
What is the remainder when 572 is divided by 374?
198
What is the remainder when 6278 is divided by 36?
14
What is the remainder when 20500 is divided by 3416?
4
Calculate the remainder when 20992 is divided by 373.
104
Calculate the remainder when 121065 is divided by 76.
73
Calculate the remainder when 1786 is divided by 1550.
236
Calculate the remainder when 1233566 is divided by 390.
386
What is the remainder when 66273 is divided by 439?
423
Calculate the remainder when 49935 is divided by 357.
312
Calculate the remainder when 9592 is divided by 26.
24
What is the remainder when 202519 is divided by 42?
37
What is the remainder when 82627 is divided by 73?
64
Calculate the remainder when 4406 is divided by 4368.
38
Calculate the remainder when 310229 is divided by 5.
4
What is the remainder when 4916163 is divided by 93?
90
What is the remainder when 217757 is divided by 7258?
17
Calculate the remainder when 15184 is divided by 3796.
0
What is the remainder when 50567 is divided by 314?
13
What is the remainder when 3387 is divided by 257?
46
Calculate the remainder when 38433 is divided by 986.
965
What is the remainder when 16249 is divided by 34?
31
Calculate the remainder when 28163 is divided by 9094.
881
Calculate the remainder when 14502 is divided by 56.
54
What is the remainder when 10773 is divided by 93?
78
Calculate the remainder when 2268 is divided by 318.
42
Calculate the remainder when 1827557 is divided by 122.
119
What is the remainder when 65170 is divided by 9?
1
Calculate the remainder when 207991 is divided by 29711.
14
Calculate the remainder when 3502 is divided by 874.
6
What is the remainder when 1614 is divided by 17?
16
Calculate the remainder when 3602 is divided by 1197.
11
Calculate the remainder when 9634 is divided by 140.
114
What is the remainder when 427 is divided by 183?
61
Calculate the remainder when 6228 is divided by 222.
12
What is the remainder when 1226 is divided by 335?
221
Calculate the remainder when 124343 is divided by 1535.
8
Calculate the remainder when 12175548 is divided by 101.
99
Calculate the remainder when 9648 is divided by 1373.
37
Calculate the remainder when 6332 is divided by 118.
78
What is the remainder when 11683 is divided by 97?
43
Calculate the remainder when 531508 is divided by 20.
8
Calculate the remainder when 5118 is divided by 937.
433
What is the remainder when 111705 is divided by 18?
15
What is the remainder when 4449 is divided by 656?
513
Calculate the remainder when 373628 is divided by 373618.
10
Calculate the remainder when 187054 is divided by 433.
431
What is the remainder when 3422 is divided by 92?
18
Calculate the remainder when 489785 is divided by 451.
450
Calculate the remainder when 36742 is divided by 294.
286
What is the remainder when 209 is divided by 20?
9
What is the remainder when 736 is divided by 308?
120
Calculate the remainder when 2092319 is divided by 96.
95
What is the remainder when 24199 is divided by 3023?
15
Calculate the remainder when 54411 is divided by 1209.
6
What is the remainder when 1959 is divided by 652?
3
What is the remainder when 42847 is divided by 28?
7
What is the remainder when 112086 is divided by 1622?
168
Calculate the remainder when 43847 is divided by 25.
22
What is the remainder when 17466 is divided by 2909?
12
What is the remainder when 321110 is divided by 9?
8
Calculate the remainder when 11773 is divided by 1333.
1109
What is the remainder when 20276 is divided by 120?
116
Calculate the remainder when 2071 is divided by 2023.
48
Calculate the remainder when 1633 is divided by 784.
65
What is the remainder when 43950 is divided by 7296?
174
Calculate the remainder when 806309 is divided by 13.
10
Calculate the remainder when 105557 is divided by 203.
200
Calculate the remainder when 544893 is divided by 22.
19
What is the remainder when 1670513 is divided by 1299?
1298
Calculate the remainder when 25281 is divided by 683.
10
What is the remainder when 40774 is divided by 20360?
54
Calculate the remainder when 23956 is divided by 1128.
268
Calculate the remainder when 152207 is divided by 10.
7
Calculate the remainder when 139926 is divided by 8230.
16
Calculate the remainder when 130970 is divided by 184.
146
What is the remainder when 2590360 is divided by 563?
560
Calculate the remainder when 83008 is divided by 65.
3
What is the remainder when 12807 is divided by 4265?
12
Calculate the remainder when 1497374 is divided by 73.
71
What is the remainder when 214 is divided by 172?
42
What is the remainder when 2652 is divided by 2536?
116
Calculate the remainder when 88906 is divided by 239.
237
Calculate the remainder when 81156 is divided by 31.
29
What is the remainder when 16844 is divided by 681?
500
What is the remainder when 1965 is divided by 79?
69
Calculate the remainder when 64169 is divided by 958.
941
What is the remainder when 680509 is divided by 8?
5
What is the remainder when 3120 is divided by 1523?
74
What is the remainder when 1015 is divided by 305?
100
Calculate the remainder when 11992 is divided by 74.
4
What is the remainder when 15072 is divided by 2097?
393
What is the remainder when 278477 is divided by 10?
7
Calculate the remainder when 64143 is divided by 92.
19
What is the remainder when 142468 is divided by 805?
788
What is the remainder when 2885 is divided by 1403?
79
What is the remainder when 99075 is divided by 221?
67
Calculate the remainder when 52375 is divided by 14.
1
Calculate the remainder when 47911 is divided by 212.
211
What is the remainder when 58077 is divided by 48?
45
What is the remainder when 3959 is divided by 88?
87
Calculate the remainder when 503364 is divided by 423.
417
What is the remainder when 5106 is divided by 1273?
14
Calculate the remainder when 18178 is divided by 39.
4
What is the remainder when 106063 is divided by 63?
34
Calculate the remainder when 793204 is divided by 3039.
25
Calculate the remainder when 2242 is divided by 159.
16
Calculate the remainder when 28539 is divided by 2836.
179
What is the remainder when 21698 is divided by 1141?
19
What is the remainder when 577 is divided by 32?
1
What is the remainder when 4487 is divided by 2212?
63
What is the remainder when 1547 is divided by 514?
5
Calculate the remainder when 3390 is divided by 94.
6
Calculate the remainder when 75941 is divided by 50.
41
What is the remainder when 18457 is divided by 121?
65
What is the remainder when 14287958 is divided by 10?
8
Calculate the remainder when 3427 is divided by 3344.
83
Calculate the remainder when 926 is divided by 513.
413
Calculate the remainder when 179908 is divided by 126.
106
Calculate the remainder when 176524 is divided by 3043.
30
What is the remainder when 11487 is divided by 956?
15
What is the remainder when 2018 is divided by 671?
5
What is the remainder when 422460 is divided by 56?
52
Calculate the remainder when 29700 is divided by 158.
154
Calculate the remainder when 2783998 is divided by 200.
198
Calculate the remainder when 84121 is divided by 59.
46
Calculate the remainder when 770126 is divided by 254.
252
Calculate the remainder when 57465 is divided by 9561.
99
Calculate the remainder when 6829 is divided by 2267.
28
What 